 What are the prime factors of n?
3
Let a be (-4)/(-22) - (-93)/33. Suppose -179 = -a*c + 55. List the prime factors of c.
2, 3, 13
Let g be ((-324)/(-48))/((-6)/(-16)). Suppose s - 5 = g. Let c = s - 18. What are the prime factors of c?
5
Let u(y) = y**3 - 10*y**2 - 10*y - 8. Let c be u(11). Suppose 4*d - 114 = -c*l, -5*d = -0*d + 2*l - 146. List the prime factors of d.
2, 3, 5
Let h(f) be the third derivative of 2*f**4/3 + 10*f**3/3 - 16*f**2. What are the prime factors of h(4)?
2, 3, 7
Suppose 1843 = 4*j + 79. List the prime factors of j.
3, 7
Let h(m) = -3*m - 2. Let n be h(-1). Suppose -102 = -3*g + 3*w, 0 = 3*w + n - 7. What are the prime factors of g?
2, 3
Let a be 22/(-77) + 24/(-14). List the prime factors of (-118)/(-4) + 3/a.
2, 7
Let z = 29 + -29. Suppose 0 = -4*y - 3*v + 345, 3*y + 2*y - 4*v - 439 = z. List the prime factors of y.
3, 29
Let w = 16 + -3. Let f be -1 - 72/7 - 16/(-56). Let r = f + w. List the prime factors of r.
2
Suppose -2*v + 2*o = -22, -4*v = o - 0*o - 29. Let d(u) = 3*u**2 - 13*u + 17. List the prime factors of d(v).
3, 5, 7
Let q be (5/(-3))/((2 - -2)/12). What are the prime factors of (156/q)/(33/(-110))?
2, 13
Let l be (1/(6/1132))/(38/57). Let h = l + -147. What are the prime factors of h?
2, 17
Let t be 0*2/10 + 0. Suppose 0 = 5*c + 10, 3*k - 3*c - 230 - 16 = t. List the prime factors of k.
2, 5
Let u(v) = -v**2 - 10*v + 16. Let j be u(-11). Suppose -j*g + 176 = -4*g. Suppose 4*i + 0*i = g. What are the prime factors of i?
2, 11
Let t = 621 - 333. Let s = t + -56. List the prime factors of s.
2, 29
Let c be (-6)/(-3) - (1 + 0). Suppose -5*y + 11 - c = 0. Suppose y*z = -d + 25, z + d = -2*z + 40. What are the prime factors of z?
3, 5
Suppose -4*u + 12 = -4, -4*u + 628 = 2*k. List the prime factors of k.
2, 3, 17
Let h(k) = -k + 2. Let c be h(2). Suppose c*u + 306 = 9*u. List the prime factors of u.
2, 17
Suppose l - 6*l = 35. Let p(y) = y**2 + 6*y - 2. Let m be p(l). Suppose -3*g - 69 = -c - 2*c, m*c - 122 = -2*g. What are the prime factors of c?
2, 3
Suppose 2*k = 4*i + 13 - 59, 7 = 3*i + 4*k. Let q be (-114)/9*i/(-1). Suppose -q = -d - d. What are the prime factors of d?
3, 19
Let r be 1/(-2)*16/(-4). Suppose -114 = -r*x - j, 0*j - 3*j = 12. List the prime factors of x.
59
Let p = 2990 - 2130. What are the prime factors of p?
2, 5, 43
List the prime factors of (-18)/3 - (-1811 + (1 - 0)).
2, 11, 41
Let s(n) = -3*n - 2. Let r be s(2). Let m = r + -122. What are the prime factors of 2/(-13) - 1190/m?
3
Let f be (-492)/(-8)*(-6)/(-9). Suppose 2*x = 4*p + 6*x + 36, -x + f = -4*p. Let i = 13 + p. What are the prime factors of i?
3
Let j be 8/(-4) + (6 - 2). Let d(u) = 7*u. List the prime factors of d(j).
2, 7
Suppose -l - l + 10 = 0. Suppose -2*x + j = -15, j - 4 + l = 0. Let q = x - 5. List the prime factors of q.
2
Let a = 1384 - 864. Suppose 5*j - 15*j = -a. List the prime factors of j.
2, 13
Suppose 0 = 4*x - 1750 + 362. List the prime factors of x.
347
Suppose 5*c - 4*j - 36 = 0, -17 = -3*c + j - 1. Let b(z) be the second derivative of z**4/12 - z**3/3 - 12*z. What are the prime factors of b(c)?
2
Suppose 0 = 4*s + 2*k - 14, s - 3*k = -0*k. Suppose 5*a = -4*f + 27, s*a + 2*f - 18 = -f. Suppose -a*y + 48 + 42 = 0. List the prime factors of y.
2, 3, 5
Let x be 2643/3*1/2*2. Suppose -10*m - 231 + x = 0. What are the prime factors of m?
5, 13
Let i be ((-20)/8)/(7/(-14)). Suppose i*o + 15 = 0, 0*l - 2*o + 406 = 2*l. List the prime factors of l.
2, 103
What are the prime factors of (1855/(-21) + -9)*-6?
2, 73
Suppose u = -10 - 50. Let t = 15 - u. Suppose t = 4*q + q + 5*m, 0 = -3*q + m + 53. What are the prime factors of q?
17
Suppose 190 = 9*c - 422. What are the prime factors of c?
2, 17
Let s = 9488 - 4175. What are the prime factors of s?
3, 7, 11, 23
Let w be (-1509)/(-18) + ((-10)/12 - -1). Suppose -5*n = -26 - w. List the prime factors of n.
2, 11
Suppose 2*u = u + 3. Suppose -o - 3*z + 150 = 0, 3*z - 138 = -u*o + 318. Let s = o + -109. What are the prime factors of s?
2, 11
Suppose -5*x + 9 + 10 = -2*i, -x - 1 = 2*i. Suppose -4*s - 6 = -3*s - x*f, 4*s - 2*f + 44 = 0. What are the prime factors of 6/(-8) + (-177)/s?
2, 7
Suppose -6*b - 45 + 1275 = 0. Suppose -5*u + 120 = -b. What are the prime factors of u?
5, 13
Let m(w) = w**3 - 2*w + 2. Let x(i) = 3*i**2 - 4*i + 1. Let o be x(-2). Suppose 5*a = 4*p - 6, 2*a - o + 1 = -4*p. List the prime factors of m(a).
2, 3
Let n(j) = -j - 5. Let k(p) = 4*p + 15. Let o(y) = 2*k(y) + 7*n(y). Let q be o(9). Suppose 22 = i + q*g, g = 5*i - 3*g - 110. What are the prime factors of i?
2, 11
Suppose 44*a = 62*a - 10098. List the prime factors of a.
3, 11, 17
Suppose 2*k - 4*k = 0. Suppose k = -4*z - 2 + 114. List the prime factors of z.
2, 7
List the prime factors of -2 - 3963/(-12) - (-9)/(-36).
2, 41
Let q(g) = 2*g**2 - 39*g - 167. What are the prime factors of q(31)?
2, 3, 7, 13
Suppose -6*f + 2059 + 4541 = 0. What are the prime factors of f?
2, 5, 11
Let j be 2 - -6*-3*3/(-18). Suppose -6*x + 3*x + j*r = -251, 2*x - 176 = -r. What are the prime factors of x?
3, 29
Let q = 789 - 318. List the prime factors of q.
3, 157
Let j = 494 + 353. List the prime factors of j.
7, 11
Let a(h) = -132*h - 112. List the prime factors of a(-4).
2, 13
Let f(h) = h**2 - 2*h + 4. Let s(q) = -q**2 + 3*q - 4. Let o(y) = 3*f(y) + 2*s(y). What are the prime factors of o(11)?
5
Let y = 27 + -23. Suppose -5*b - 3*k + 35 = 0, 0*k - 50 = -y*b + 2*k. What are the prime factors of b?
2, 5
Suppose 62*p - 10*p - 76492 = 0. What are the prime factors of p?
1471
Suppose -2*m - 23 - 18 = -v, -3*m = -2*v + 81. Let n = v - 8. List the prime factors of n.
31
Suppose 0 = -4*s + o + 3*o + 1440, -2*s = -3*o - 725. List the prime factors of s.
5, 71
Let g = 418 + -288. Let z = g + -43. Suppose -4*o = -o - z. What are the prime factors of o?
29
Let f(x) = 10*x**3 - 7*x**2 + 17*x - 4. List the prime factors of f(4).
2, 37
Let h = 1151 - 609. List the prime factors of h.
2, 271
Let u(a) = 18*a + 163. List the prime factors of u(22).
13, 43
Suppose -t - 4*t + 235 = 0. Suppose 9*c = 5*c - 116. Let n = t + c. List the prime factors of n.
2, 3
Suppose -8*u + 1344 = -0*u. Let z = u + -94. What are the prime factors of z?
2, 37
Let v be (-7954)/(-14) + 3/(-21). Let n = v + -271. What are the prime factors of n?
3, 11
Let o = -102 - -104. Suppose o*k - 559 = -5*q, -2*q - 829 = -2*k - k. What are the prime factors of k?
277
Let k(f) = 6*f**3 - 4*f**2 + 8. What are the prime factors of k(4)?
2, 41
Let d = -18 - -28. Suppose -3*h + d = 2*h. Suppose h*s = 4*s - 118. What are the prime factors of s?
59
Let v be (147/4 - 0)/((-7)/28). Let w = 423 + v. What are the prime factors of w?
2, 3, 23
Let v = -119 + 122. Suppose 0 = 2*t - 0*t - 4*x - 164, v*t = 2*x + 266. List the prime factors of t.
2, 23
Let h(m) = -m**2 - 5*m - 1. Let t be (-6 - -6)/(1 + -5). Suppose -3*o - 12 + t = 0. What are the prime factors of h(o)?
3
Let d(i) be the first derivative of 17*i**3 + i**2/2 + i - 8. List the prime factors of d(-1).
3, 17
Let k = -3580 + 6023. What are the prime factors of k?
7, 349
Let b(d) = 2 - 9*d + d**3 + 4*d**2 - 8*d**2 - 3*d**2 - 2*d**2. List the prime factors of b(10).
2, 3
Suppose 5*p - 960 = -65. Suppose -5*w - p = -619. What are the prime factors of w?
2, 11
Suppose -2*j = 2*z - 342 - 496, 0 = 2*z - 4*j - 808. List the prime factors of z.
2, 3, 23
Suppose 0 = -5*m - 3*h + 10904, 6*m - 4*m - 4370 = -4*h. What are the prime factors of m?
2179
Let d(t) = -t**3 - 19*t**2 + 10. Let y be d(-19). What are the prime factors of 4/(5*y/475)?
2, 19
Let c(v) = -5*v + 3. Let k be c(3). Let t = -9 - k. Suppose l = -2*d + t, -5*l + 5*d - d + 71 = 0. List the prime factors of l.
11
Let t(s) = 18*s**2 - 16*s - 30. List the prime factors of t(-2).
2, 37
Let x(a) = 25*a + 4. Let c be x(5). Suppose 2*o + 8*o = -890. Let w = o + c. What are the prime factors of w?
2, 5
Suppose -590 = 4*h - 12730. What are the prime factors of h?
5, 607
Suppose 3*c - 34 = -2*r, 2*c - 72 = -4*r - 3*c. Let a = 75 + -42. Let g = r + a. What are the prime factors of g?
2, 7
Let l be -1 + (3 - 4) - -41. Suppose 5*h = 2*w + 92 - l, h + 7 = -4*w. What are the prime factors of h?
3
Let c(t) = 745*t**3 - t**2 + 2*t. What are the prime factors of c(1)?
2, 373
Le